*b - 3*l - 20, 0 = -3*l. Give g(b).
-11
Suppose -34*p + 12 = -40*p. Let v(n) = -n + 9. Determine v(p).
11
Suppose 85 = 7*p + 57. Let i(j) = 5*j**3 + 12 + 12*j**2 + p*j + 19*j**2 - 38*j**2 - 4*j**3. Give i(6).
0
Let a(d) = 14*d - 32. Let o(m) = 5*m - 11. Let h(j) = -4*a(j) + 11*o(j). Let l(b) = -b**3 - 48*b**2 - 46*b + 53. Let c be l(-47). Give h(c).
1
Let k(r) be the second derivative of 7*r**3/6 - r**2 - r. Suppose -51*y - 218*y + 104*y = -8 + 8. Calculate k(y).
-2
Let h(m) = -41*m**2 + 4. Let f(u) = -261*u**2 + u + 22. Let o(l) = f(l) - 6*h(l). Calculate o(-2).
-64
Let b(g) = g - 6*g + 11*g + 30 - 9*g. Let h(x) = 2*x**2 + 53*x - 72. Let y be h(-28). Determine b(y).
-6
Let q(t) = 2*t - 23. Suppose 3*g - 3*u - 30 = 0, 0 = 3*g - 2*u + 26 - 63. What is q(g)?
11
Let n(z) = z**2 - 22*z - 37. Let p be n(28). Let l = -130 + p. Let y(r) = 29*r**3 + r**2 - r. Give y(l).
29
Let p be 48/(-45) - -2 - (-13)/((-455)/21). Let q(w) be the second derivative of 0*w**2 + 13*w + 0 + p*w**3. What is q(1)?
2
Let y(k) = -k**2 - k + 23. Let c(r) = 10*r**2 - 2*r - 45. Let u(q) = -c(q) - 2*y(q). Calculate u(2).
-25
Let v(l) = 16*l + 73. Suppose -2*h + 0*h + 18815 = 18823. Give v(h).
9
Let s(v) be the first derivative of -v**4/4 + 38*v**3/3 - 77*v**2/2 + 181*v - 8295. Give s(36).
1
Let i(j) = 138*j + 2620. Let c be i(-19). Let p(v) = 5*v**3 + 6*v**2 + 7*v - 1. Give p(c).
-31
Let y(g) = -8*g**2 - 2*g - 2. Suppose 5*j + m = -4, -11*j = -16*j + 23*m - 148. What is y(j)?
-30
Suppose -335 + 342 = 3*q + r, q - 2*r = 14. Let w(i) = -i**3 + 2*i**2 - 3*i. Calculate w(q).
-44
Let g(a) be the second derivative of a**5/20 - a**4/3 - 5*a**3/6 + 13*a**2/2 - 3270*a. What is g(3)?
-11
Suppose -4*d + 2*h + 40 = -2*d, d = -4*h - 5. Let x(f) = -5 + 2*f + d - 3 - 5. Calculate x(-3).
-4
Let h(f) = -13*f - 32. Let j(k) = -7*k - 14. Let u(v) = 4*h(v) - 7*j(v). Let i be u(-12). Let c(m) = 3*m - 13. Give c(i).
5
Suppose 82*r = 83*r + 2*k - 12, -3*r + 4*k - 4 = 0. Let b(o) = -6 - 3*o**2 + 4 + 0 - r*o**2 - o**3 + 5. What is b(-6)?
-33
Suppose -2*w = -86 + 80. Let d(j) = -5*j + 5. Let n(x) = -2*x + 2. Let m(f) = w*d(f) - 8*n(f). Determine m(8).
7
Let t(p) = p**3 + 16*p**2 - 129*p - 15. Let a be t(6). Let s(q) be the third derivative of 1/12*q**4 + 2/3*q**3 + 0 + 6*q**2 + 0*q. Give s(a).
10
Let h(d) = -3*d - 6. Suppose 12*x - 19 = 11*x - 4*m, -5*x - 3*m = -146. Let q be (-1)/(-2) - x/2. Let p(i) = -3*i - 49. Let t be p(q). What is h(t)?
6
Let v(l) = l**3 + 61*l**2 - 238*l + 1. Let z(k) = -3*k**3 - 185*k**2 + 711*k - 5. Let c(g) = -7*v(g) - 2*z(g). Give c(-61).
3
Let w(c) = -9*c**3 + 22*c + 30*c - 53*c. Let f be 2/(-6)*-2*9. Let n be ((-4)/8)/(3/f). What is w(n)?
10
Let j(x) be the first derivative of -x**3/3 + x**2/2 + 4*x - 1277. Give j(-2).
-2
Let n(g) be the second derivative of 4*g - g**2 - g**3 + 1/12*g**4 + 0. Suppose -2*j + 16 = j + 5*b, -26 = -4*j - 2*b. Give n(j).
5
Let b(p) = -p**2 - 25*p - 24. Let n be ((-32)/(-3) - 11)*-12*-6. What is b(n)?
0
Let s(c) = c**3 - 8*c**2 + 7*c + 8. Let o = 8 - 5. Let z = 4 - 2. Suppose -2*d + 2*i + 34 = z*d, -o*i = -2*d + 23. What is s(d)?
8
Let k(b) = -2*b - 1. Suppose 10*z = -37 + 107. Let m be -4*5/(z + -2). What is k(m)?
7
Let c(k) = 19076 + k - 3*k - 19109. Calculate c(0).
-33
Let u(p) = -p**2 - 8*p - 5. Suppose -g - g + a + 150 = 0, 243 = 3*g + 3*a. Suppose 23 = -20*f - g. Give u(f).
10
Suppose -29*n = -95*n - 396. Let z(o) = 4*o + 28. Determine z(n).
4
Let g(f) be the second derivative of f**3/6 + 21*f**2/2 + 223*f - 2. What is g(13)?
34
Let v(g) = g**3 - 2*g**2 - g**2 - 2*g + 14*g - 11*g + 2*g**2. Suppose 14*b + 3 = 17*b. What is v(b)?
1
Let j(u) be the first derivative of u**3/6 - u**2 - 200*u + 137. Let w(g) be the first derivative of j(g). Calculate w(12).
10
Let f(w) be the first derivative of 8*w - 12 + 4*w**2 - 7*w - 5*w**2 + 10*w. Suppose 7*u + 3 = -p + 10*u, -25 = -p - 4*u. Calculate f(p).
-7
Let o(w) = 5*w - 3. Suppose 9*j + 2820 = -285. Let m = 339 + j. What is o(m)?
-33
Let g(o) = -823*o**2 + 38 + 38*o + 821*o**2 + 2*o. Calculate g(21).
-4
Let l be ((-1038)/2)/(16/16). Let c = -508 - l. Let z(m) = m**3 - 12*m**2 + 12*m - 12. What is z(c)?
-1
Let x(n) be the second derivative of 0 + 0*n**2 - 1/12*n**4 + n - 1/2*n**3. Let u = -419952 + 419948. Determine x(u).
-4
Let q be (-212 - 3)/1 - 3. Let o = q + 222. Let c(j) = 2*j**3 - 4*j**2 + j + 0*j - j**3 - 5. Give c(o).
-1
Suppose -35*a = -32*a - 6. Let b(f) = 9*f - 2*f + a*f**2 + 7 - f**2. Determine b(-2).
-3
Let y(u) = u**2 - 7*u - 4. Suppose 0 = r - 11 + 13. Let t be (5/(-10))/((-1)/(-4)*r). Let j be (1/1)/(0 - t/(-6)). Determine y(j).
-10
Let z be (162/(-405))/(1/5). Let a(q) = 2*q**3 - 2*q**2 - 2*q - 4. What is a(z)?
-24
Let o(n) = -5*n**2 - n - 1. Suppose -20*c + 14*c + 12 = 0. Suppose -5*d - 3 - c = 0. Determine o(d).
-5
Let z(f) = 1695*f - f**2 + f**2 - 1 - f**2 - 1703*f + 0*f**2. Suppose 2*t = b - 19, -3*t + 5*b = -0*t + 46. Determine z(t).
6
Let h(u) = 3*u**2 + u. Suppose -8*l - 12*l = -320. Let m be 4/l*4 + 1 + -3. Give h(m).
2
Let v(a) be the third derivative of -a**5/30 - 5*a**4/24 - a**3/6 - 14*a**2 - 5. Let z(w) = 11*w**2 + 30*w + 5. Let l(q) = -13*v(q) - 2*z(q). What is l(-2)?
9
Let i(p) = -3*p + 22. Let v = 1552 + -1545. Determine i(v).
1
Let b(z) = 8*z - 36. Suppose 0 = 1063*p - 1004*p - 649. Calculate b(p).
52
Let r(c) = -21*c + 7 + 7*c - 46 + 4*c - 2*c**2 + 23. Determine r(-4).
-8
Let h(g) = 6*g**2 - 24 + 3082286*g + g**3 - 3082307*g + 3*g**2 - 1. Determine h(-10).
85
Let m(t) = -4*t**2 + 39 + 2535632*t + 2*t**2 - 2535641*t. What is m(-7)?
4
Let t(l) = 353*l**2 - 355*l**2 + 5 - l**3 + l - 4. Let d = 43 + -37. Suppose 15 = -7*o - d. What is t(o)?
7
Let p(r) be the second derivative of -r**5/20 - r**4/12 - r**3/6 - 27*r**2/2 - 2*r - 887. Calculate p(0).
-27
Let f = 2763 - 2757. Let g(b) = b**2 - 10. What is g(f)?
26
Let x be (-198)/(-3)*150/60. Let d = x - 168. Let m(q) = -4*q**2 - q - 4. Determine m(d).
-37
Suppose -406*g + 410*g - 16 = 0. Suppose 0*i = -5*i + g*h - 37, 2 = -i - h. Let y(v) = -v**3 - 6*v**2 - 7*v. Calculate y(i).
10
Suppose 7*v - 204 = -29. Let s = v + -31. Let u be 3/4*(16/s)/(-1). Let o(l) = -2*l. Give o(u).
-4
Let o = -14856 - -14867. Let k(u) = -5*u**2 + 56*u - 24. Calculate k(o).
-13
Let j(m) = -m**3 - 15*m**2 - 2*m - 48. Let x(v) = -13*v**2 - 81*v - 33. Let f be x(-6). Calculate j(f).
-18
Let u(v) = v**2 + 11*v + 5. Suppose -296*n - 944 = -178*n. Give u(n).
-19
Let o(m) = -23 - 1 + 5*m + 6 + 9 - 2*m. Give o(10).
21
Let q(w) = -w**3 - w**2 + 6. Let l(x) = 5*x**2 - 36. Let i(j) = l(j) + 6*q(j). Calculate i(-1).
5
Let b(p) be the third derivative of p**5/60 - 23*p**4/24 - 85*p**3/3 - 2463*p**2 + 1. Calculate b(-6).
4
Suppose 12*c = 35*c + 32*c. Let s(t) = 16*t**2 + t - 17. What is s(c)?
-17
Let d(r) be the first derivative of r**4/4 + 9*r**3 - 30*r**2 - 47*r - 3056. Determine d(-29).
11
Let f(m) = -2*m**3 + 3*m**2 - 2*m - 3. Let k(n) = -40*n - 357. Let p be k(14). Let h = -914 - p. Give f(h).
-36
Let t(r) be the first derivative of r**4/4 - r**3 - r**2/2 - 3*r + 751. Give t(3).
-6
Suppose 119*n - 61 + 92 - 269 = 0. Let l(w) = w**3 - 2*w**2 - w + 2. Calculate l(n).
0
Let u(w) be the third derivative of w**6/120 - 11*w**5/60 - 11*w**4/12 + 23*w**3/6 - 7575*w**2. Give u(13).
75
Let v(b) be the first derivative of 2*b**2 + 76*b - 4454. What is v(-13)?
24
Let i(g) be the first derivative of g**4/4 - 7*g**3/3 - 7*g**2 + 112*g - 3103. Calculate i(6).
-8
Let k(r) = -2*r - 1. Let g(t) = t**3 - 5*t**2 + 6*t - 10. Let j be 1/(14/4 - 3). Suppose j*p - 4 - 4 = 0. Let h be g(p). Determine k(h).
3
Let l(z) = -z**3 - 20*z**2 - 84*z + 128. Let u be l(-9). Let b(q) = q**3 + 9*q**2 + 12*q + 15. Calculate b(u).
29
Let k(u) = -55*u + 60. Let m be k(1). Let c(q) = 6*q**3 - 32*q**2 + 12*q - 8. Calculate c(m).
2
Let g(t) = -t**3 - 13*t**2 + 5*t + 26. Let u be g(-13). Let p = 22 - -11. Let j = u + p. Let o(q) = -q**2 - 8*q - 8. Calculate o(j).
4
Let k(s) be the first derivative of -s**4/4 - 7*s**3 - 3*s**2/2 - 42*s - 3806. Determine k(-21).
21
Let k(y) = 2*y**2 - 3. Let z(s) = -s**2 + s. Let d be 3/5 + (-72)/45. Let p(c) = d*k(c) - 3*z(c). Let g be (156/8)/(-13)*-2. What is p(g)?
3
Suppose -9*w - 16*w = 17600. Let v = w + 701. Let x(t) = 3*t - 2. Give x(v).
-11
Suppose 3*p - 2